 = -3*m**2 - 1. Let j(i) = 4*i**2 - i + 2. Let g(l) = 3*a(l) + 2*j(l). Let z be g(4). Let s = 38 + z. Calculate the remainder when s is divided by 4.
3
Calculate the remainder when 25 is divided by (-13)/(-26) - 17/(-2).
7
What is the remainder when 17 is divided by -9 + 7 - (-1 + -6)?
2
Let b(q) = -2*q**3 + 23*q**2 + 15*q - 30. Let z(w) = 4*w**2 - 3*w + 1. Calculate the remainder when z(2) is divided by b(12).
5
Suppose 0 = 2*z + z - 3. Suppose -3*x + 5*g - z = -8, 7 = 2*x - g. Suppose l + 6 = x*l. What is the remainder when 4 is divided by l?
0
Let i(p) = p**2 + 9*p + 6. Let o be i(-9). Suppose 16 = u - o. Calculate the remainder when 43 is divided by u.
21
Suppose 5*s - 80 = -2*l, 4*l - 3*s = 3*l + 40. Suppose o = -3*q + q + 28, 4*q - 56 = 2*o. What is the remainder when l is divided by q?
12
Suppose 9*a = 14*a - 30. Calculate the remainder when 15 is divided by a.
3
Suppose -4*r + 873 = -p, 3*r + 3*p = -0*r + 666. What is the remainder when r is divided by 20?
19
Let s = 126 + -68. Let o = s + -35. Suppose 2 - 4 = u, -2*u + 44 = 4*j. Calculate the remainder when o is divided by j.
11
Let a(v) = 15*v**2 - 1. What is the remainder when 53 is divided by a(-1)?
11
Suppose 22 + 17 = p. What is the remainder when p is divided by 14?
11
Suppose 12*h - 15 = 9*h. What is the remainder when h is divided by 1?
0
Let d(a) = 3*a**2 + 5*a + 16. Calculate the remainder when d(-6) is divided by 24.
22
Let w = 79 - 72. Suppose u = -4*f + 106, f - 4*f - u = -79. Calculate the remainder when f is divided by w.
6
Let j(r) = -2*r**3 - 3*r**2 - 2*r - 2. Suppose -108 + 16 = -4*f. What is the remainder when f is divided by j(-2)?
5
Let c = 131 - 77. Calculate the remainder when c is divided by 61/5 - (-84)/(-70).
10
Let z = 24 + 2. Let a = -16 - -25. What is the remainder when z is divided by a?
8
Let i = -54 + 55. Calculate the remainder when 1 is divided by i.
0
Suppose 3*r - 6*r + 12 = 0. Suppose -60 - 16 = -r*t. Calculate the remainder when 54 is divided by t.
16
Let z(t) be the first derivative of 16*t**3/3 + t**2 - t - 6. Calculate the remainder when z(-2) is divided by 20.
19
Let h = -15 - -18. Calculate the remainder when (h/9)/(1/30) is divided by 4.
2
Suppose 0 = -5*u + 456 + 24. Suppose -2*k + u = 30. What is the remainder when k is divided by (0 + -17)*(-2)/2?
16
Let l be 4*2/4*9. Let q be 3 + -3 - (-3 - 0). Calculate the remainder when 34 is divided by ((-2)/q)/((-1)/l).
10
Suppose z - 6 = -0*z. Suppose -z = -t - 0. Let f = t - -5. What is the remainder when f is divided by 3?
2
Let i(d) = d**2 - 8*d + 2. Let v = 5 - -3. Calculate the remainder when i(v) is divided by 2.
0
Let n = 79 - 59. What is the remainder when 39 is divided by n?
19
Let c be (0 - -1 - -1) + 0. Suppose 4*l + c = 10. Let i = -4 - -8. Calculate the remainder when i is divided by l.
0
Let c(z) = 4*z. What is the remainder when 2/9 - 119/63*-11 is divided by c(2)?
5
Let t = -4 - -7. Suppose -60 - t = -3*k. Calculate the remainder when 41 is divided by k.
20
What is the remainder when 125/5*(-4)/(-10) is divided by 3?
1
Let r = -15 - -17. What is the remainder when 9 is divided by r?
1
Let k = -66 + 92. Suppose -q = 3*q - 32. Let n = q + k. What is the remainder when n is divided by 12?
10
Suppose 34 - 1 = 3*r. Let g = r + 14. Calculate the remainder when g is divided by 13.
12
Let h = -52 - -125. Calculate the remainder when h is divided by 21 - (-3)/(3/4).
23
Suppose 3*g - 80 = 82. Suppose 0 = 3*w - 3*i - 54, 0*w + 2*w - g = -4*i. What is the remainder when w is divided by 12?
9
Suppose -2*r = 3*u - 107, 2*u - r = -3*u + 174. What is the remainder when u is divided by 13?
9
Suppose -h + 5*h - 116 = 0. Calculate the remainder when h is divided by 16.
13
Suppose -z - 6 = -3*z. Suppose -2 = -4*g + z*g. Calculate the remainder when 11 is divided by g.
1
Suppose 7*h = 4*h + 9. Let g = 22 - 11. Calculate the remainder when g is divided by 1/3 + 11/h.
3
Suppose 0 = -5*d + 2*d - 72. Let a = d + 40. Suppose -2*h + a = -0. Calculate the remainder when 31 is divided by h.
7
Let g = 12 - -4. Calculate the remainder when 46 is divided by g.
14
Suppose 15 = -0*j - 5*j. What is the remainder when (-2)/(-10) - (-274)/5 is divided by (-30)/(-2) + j/3?
13
Let j = 12 + -8. Let u(w) = w**2 + 3*w. Suppose -5*s = 12 + 13. Calculate the remainder when u(s) is divided by j.
2
Let x be -2*-2*3/(-12). Let q(l) = -34*l**3 - l - 1. Calculate the remainder when q(x) is divided by 9.
7
Calculate the remainder when 35 is divided by (6 - 2) + 2 + 15/3.
2
Suppose f - 10 = -2. What is the remainder when 31 is divided by f?
7
Suppose 10*q + 66 = 13*q. Calculate the remainder when 86 is divided by q.
20
Let h(f) = -2*f**3 + 3*f**2 + 5*f - 3. Let v be h(4). Let u = v + 88. Calculate the remainder when 98 is divided by u.
23
Let m be 7/((-2)/(0 + 2)). Let o = 11 + m. Suppose -o*z = 35 - 91. What is the remainder when 26 is divided by z?
12
Let l(u) = -u**2 - 15*u + 23. What is the remainder when 145 is divided by l(-13)?
47
Let f(o) = 5*o**3 - o**2 + o - 1. Let b = 7 + -6. Let i be f(b). What is the remainder when i/14 - (-299)/7 is divided by 15?
13
Let b be (-2)/(-7) - 24/(-14). Let f be (-48)/((-6)/2) - b. What is the remainder when (f/(-3))/((-2)/9) is divided by 11?
10
Suppose -d = -5*p + 333, -71 = -p - d - d. What is the remainder when p is divided by 23?
21
Suppose 0 = -y + 3 - 0. Suppose -y*o - 2*o = 10. Let h(l) = l + 4. What is the remainder when 3 is divided by h(o)?
1
Let h(c) = -c**3 + 4*c**2 - 2*c - 4. Let t be h(3). Let d be -5*(t - 2 - -2). Calculate the remainder when 7 is divided by 1/(15/12)*d.
3
Suppose -5*z - 4*y + 10 = -2, 4*y = z - 12. Suppose z*v = 2*j + 18, -2*j - 23 = -4*v - j. Calculate the remainder when 18 is divided by v.
4
Calculate the remainder when 7/(-21) - (1 - 112/3) is divided by 13.
10
Let b(l) = 2*l**2 - 13*l + 3. What is the remainder when b(10) is divided by 15?
13
Let t(q) = -q**3 + 9*q**2 + 20*q - 2. Calculate the remainder when t(10) is divided by 33.
32
Let h be 2 + (-2)/(-1) - 0. Suppose -m = -2*f - 2*m - 36, 0 = -3*f - 2*m - 56. What is the remainder when 35 is divided by ((-3)/1)/(h/f)?
11
Let w(h) = -89*h + 14. Let p(i) = 30*i - 5. Let j(u) = -17*p(u) - 6*w(u). Let v = 14 + -5. What is the remainder when j(1) is divided by v?
7
Let q(p) = 4*p**2 - 2*p + 1. Calculate the remainder when q(-2) is divided by 4/(-3)*(-6 - 0).
5
Suppose -2*l + 5*x = 4, -4*l + 14 = -4*x + 5*x. What is the remainder when 10 is divided by l?
1
Suppose 0 = -0*h + h - 5. Suppose -2*m + 7 = -h. Calculate the remainder when m is divided by 2.
0
Let v = 52 + -12. Calculate the remainder when v is divided by 14.
12
Let a(o) = -40*o**3 + 1. Let y be a(-1). Let i = 8 + -5. Suppose 3*p + 5*d - y = 7, i*p = 2*d + 48. Calculate the remainder when 31 is divided by p.
15
Suppose 0*q = q - 2. Suppose 3*j - 38 = 2*j + q*m, -j + 22 = 2*m. Let r(y) = 12*y**2 + y - 2. What is the remainder when j is divided by r(1)?
8
Suppose -4*h - 3 = -3*u + 33, u - 12 = -h. What is the remainder when u is divided by 6?
0
Let h(f) = -3*f + 1. Let v be h(-4). Let d = v + -3. Calculate the remainder when d is divided by 6.
4
What is the remainder when 9 is divided by 31/7 - 21/49?
1
Let o(j) = 2 - 2 + 1 + j**3 - 2*j**2 - 4*j + 2. Calculate the remainder when o(4) is divided by 10.
9
Let r be 7/14*(-40)/1. Let m = r - -26. What is the remainder when 23 is divided by m?
5
Suppose 0 = -m - 4*m + 20. What is the remainder when 10 is divided by m?
2
Suppose 0*r = -3*r. Let q = 2 - r. Calculate the remainder when q is divided by 2.
0
Let a = 4 + 33. What is the remainder when -1 + -1 - (0 - a) is divided by 12/9*(8 + 1)?
11
Suppose -g = 5*z - 5*g - 670, 2*z + 5*g - 235 = 0. What is the remainder when z is divided by 12?
10
Suppose 4*c - 28 = m + 133, -3*c - 2*m = -107. Calculate the remainder when 155 is divided by c.
38
Let r(j) = 3*j + 2*j - 4 + 19*j**2 - 18*j**2. Let w be r(-6). Calculate the remainder when 30 is divided by -2*(-11)/4*w.
8
Calculate the remainder when -166*35/28*(-8)/10 is divided by 17.
13
Let m(z) = -z**2 - 2*z + 2. Let v be m(-5). Let n = -2 - v. Calculate the remainder when 20 is divided by n.
9
Suppose 3*s = -g + 18, 0 = 5*s - 2*g - g - 16. Let v = -9 + 27. Calculate the remainder when v is divided by s.
